{"id":39,"date":"2020-06-24T12:59:37","date_gmt":"2020-06-24T10:59:37","guid":{"rendered":"http:\/\/lagrandemoucherolle.com\/?page_id=39"},"modified":"2020-07-30T10:48:34","modified_gmt":"2020-07-30T08:48:34","slug":"informations","status":"publish","type":"page","link":"http:\/\/lagrandemoucherolle.com\/?page_id=39","title":{"rendered":"Informations"},"content":{"rendered":"\n<p class=\"has-medium-font-size\"><strong>Introduction<\/strong><\/p>\n\n\n\n<p>La Ferme de la Grande Moucherolle est une restauration r\u00e9cente d&#8217;une ferme du Vercors vieille de 300 ans . Elle b\u00e9n\u00e9ficie d&#8217; une vue magnifique sur les montagnes environnantes. La ferme n&#8217;est plus une exploitation agricole, mais a une longue et riche histoire au service des gens du Vercors.<\/p>\n\n\n\n<p>La Ferme de la Grande Moucherolle est une b\u00e2tisse lumineuse et a\u00e9r\u00e9e avec les 140 m2 habitables de l&#8217;appartement de vacances. Elle dispose de 4 chambres doubles, de 3 salles de bains et d&#8217;un grand salon ouvert sur la salle \u00e0 manger et la cuisine am\u00e9nag\u00e9e. Elle peut \u00eatre lou\u00e9e en tant que maison de vacances compl\u00e8te pouvant accueillir jusqu&#8217;\u00e0 8 personnes ou comme  chambre d&#8217;h\u00f4tes  de 2 \u00e0 4 personnes.<\/p>\n\n\n\n<figure class=\"wp-block-gallery columns-2 is-cropped wp-block-gallery-1 is-layout-flex wp-block-gallery-is-layout-flex\"><ul class=\"blocks-gallery-grid\"><li class=\"blocks-gallery-item\"><figure><img loading=\"lazy\" decoding=\"async\" width=\"600\" height=\"338\" src=\"http:\/\/lagrandemoucherolle.com\/wp-content\/uploads\/2020\/06\/farm-front-medium.jpg\" alt=\"\" data-id=\"264\" data-link=\"http:\/\/lagrandemoucherolle.com\/?attachment_id=264\" class=\"wp-image-264\" srcset=\"http:\/\/lagrandemoucherolle.com\/wp-content\/uploads\/2020\/06\/farm-front-medium.jpg 600w, http:\/\/lagrandemoucherolle.com\/wp-content\/uploads\/2020\/06\/farm-front-medium-300x169.jpg 300w\" sizes=\"auto, (max-width: 600px) 100vw, 600px\" \/><\/figure><\/li><li class=\"blocks-gallery-item\"><figure><img loading=\"lazy\" decoding=\"async\" width=\"600\" height=\"338\" src=\"http:\/\/lagrandemoucherolle.com\/wp-content\/uploads\/2020\/06\/farm-side-closer-medium.jpg\" alt=\"\" data-id=\"266\" data-link=\"http:\/\/lagrandemoucherolle.com\/?attachment_id=266\" class=\"wp-image-266\" srcset=\"http:\/\/lagrandemoucherolle.com\/wp-content\/uploads\/2020\/06\/farm-side-closer-medium.jpg 600w, http:\/\/lagrandemoucherolle.com\/wp-content\/uploads\/2020\/06\/farm-side-closer-medium-300x169.jpg 300w\" sizes=\"auto, (max-width: 600px) 100vw, 600px\" \/><\/figure><\/li><\/ul><\/figure>\n\n\n\n<p>Elle est situ\u00e9e \u00e0 1 km \u00e0 pied du c\u0153ur du village de Villard de Lans,  sur la c\u00e9l\u00e8bre piste cyclable Via Vercors.  Ce village du Vercors avec ses nombreux caf\u00e9s et restaurants, cin\u00e9ma, patinoire et piscine&#8230; offre aux vacanciers de nombreuses possibilit\u00e9s de d\u00e9tentes et d&#8217;activit\u00e9s  <\/p>\n\n\n\n<p>En hiver, la Ferme de la Grande Moucherolle offre un acc\u00e8s facile aux stations de ski alpin et de ski de fond les plus populaires du Vercors.  <\/p>\n\n\n\n<hr class=\"wp-block-separator\"\/>\n\n\n\n<p class=\"has-medium-font-size\"><strong>Plus de d\u00e9tails sur l&#8217;h\u00e9bergement \u2026.<\/strong><\/p>\n\n\n\n<p class=\"has-medium-font-size\"><strong>Au Rez-de-chauss\u00e9e<\/strong><\/p>\n\n\n\n<p>Hall d&#8217;entr\u00e9e spacieux avec rangement pour les \u00e9quipements sportifs et une buanderie avec une machine \u00e0 laver\/ s\u00e8che-linge et toilettes s\u00e9par\u00e9es.<\/p>\n\n\n\n<figure class=\"wp-block-image\"><img loading=\"lazy\" decoding=\"async\" width=\"600\" height=\"339\" src=\"http:\/\/lagrandemoucherolle.com\/wp-content\/uploads\/2020\/06\/P1040584-medium.jpg\" alt=\"\" class=\"wp-image-195\" srcset=\"http:\/\/lagrandemoucherolle.com\/wp-content\/uploads\/2020\/06\/P1040584-medium.jpg 600w, http:\/\/lagrandemoucherolle.com\/wp-content\/uploads\/2020\/06\/P1040584-medium-300x170.jpg 300w\" sizes=\"auto, (max-width: 600px) 100vw, 600px\" \/><\/figure>\n\n\n\n<hr class=\"wp-block-separator\"\/>\n\n\n\n<p class=\"has-medium-font-size\"><strong>Au Premier \u00e9tage<\/strong><\/p>\n\n\n\n<p>Espace d\u00e9cloisonn\u00e9 lumineux avec mezzanine et une double porte fen\u00eatre qui ouvrent sur un balcon offrant une vue magnifique sur les montagnes environnantes. Cet espace est compos\u00e9 d&#8217;une salle \u00e0 manger, d&#8217;un salon e avec un po\u00eale \u00e0 bois traditionnel et une cuisine enti\u00e8rement \u00e9quip\u00e9e.<\/p>\n\n\n\n<figure class=\"wp-block-image\"><img loading=\"lazy\" decoding=\"async\" width=\"1024\" height=\"576\" src=\"http:\/\/lagrandemoucherolle.com\/wp-content\/uploads\/2020\/06\/P1040559-1024x576.jpg\" alt=\"\" class=\"wp-image-123\" srcset=\"http:\/\/lagrandemoucherolle.com\/wp-content\/uploads\/2020\/06\/P1040559-1024x576.jpg 1024w, http:\/\/lagrandemoucherolle.com\/wp-content\/uploads\/2020\/06\/P1040559-300x169.jpg 300w, http:\/\/lagrandemoucherolle.com\/wp-content\/uploads\/2020\/06\/P1040559-768x432.jpg 768w\" sizes=\"auto, (max-width: 1024px) 100vw, 1024px\" \/><\/figure>\n\n\n\n<figure class=\"wp-block-gallery columns-2 is-cropped wp-block-gallery-2 is-layout-flex wp-block-gallery-is-layout-flex\"><ul class=\"blocks-gallery-grid\"><li class=\"blocks-gallery-item\"><figure><img loading=\"lazy\" decoding=\"async\" width=\"600\" height=\"338\" src=\"http:\/\/lagrandemoucherolle.com\/wp-content\/uploads\/2020\/06\/open-plan-side-view-medium.jpg\" alt=\"\" data-id=\"245\" data-link=\"http:\/\/lagrandemoucherolle.com\/?attachment_id=245\" class=\"wp-image-245\" srcset=\"http:\/\/lagrandemoucherolle.com\/wp-content\/uploads\/2020\/06\/open-plan-side-view-medium.jpg 600w, http:\/\/lagrandemoucherolle.com\/wp-content\/uploads\/2020\/06\/open-plan-side-view-medium-300x169.jpg 300w\" sizes=\"auto, (max-width: 600px) 100vw, 600px\" \/><\/figure><\/li><li class=\"blocks-gallery-item\"><figure><img loading=\"lazy\" decoding=\"async\" width=\"600\" height=\"338\" src=\"http:\/\/lagrandemoucherolle.com\/wp-content\/uploads\/2020\/06\/kitchen-medium.jpg\" alt=\"\" data-id=\"242\" data-link=\"http:\/\/lagrandemoucherolle.com\/?attachment_id=242\" class=\"wp-image-242\" srcset=\"http:\/\/lagrandemoucherolle.com\/wp-content\/uploads\/2020\/06\/kitchen-medium.jpg 600w, http:\/\/lagrandemoucherolle.com\/wp-content\/uploads\/2020\/06\/kitchen-medium-300x169.jpg 300w\" sizes=\"auto, (max-width: 600px) 100vw, 600px\" \/><\/figure><\/li><\/ul><\/figure>\n\n\n\n<p>Au m\u00eame \u00e9tage se trouvent 2 grandes chambres doubles avec lits king-size, salles de bains luxueuses, t\u00e9l\u00e9vision . Les chambres peuvent \u00eatre am\u00e9nag\u00e9es en lit double ou lits jumeaux..<\/p>\n\n\n\n<figure class=\"wp-block-gallery columns-2 is-cropped wp-block-gallery-3 is-layout-flex wp-block-gallery-is-layout-flex\"><ul class=\"blocks-gallery-grid\"><li class=\"blocks-gallery-item\"><figure><img loading=\"lazy\" decoding=\"async\" width=\"600\" height=\"338\" src=\"http:\/\/lagrandemoucherolle.com\/wp-content\/uploads\/2020\/06\/Bedroom-1-medium.jpg\" alt=\"\" data-id=\"206\" data-link=\"http:\/\/lagrandemoucherolle.com\/?attachment_id=206\" class=\"wp-image-206\" srcset=\"http:\/\/lagrandemoucherolle.com\/wp-content\/uploads\/2020\/06\/Bedroom-1-medium.jpg 600w, http:\/\/lagrandemoucherolle.com\/wp-content\/uploads\/2020\/06\/Bedroom-1-medium-300x169.jpg 300w\" sizes=\"auto, (max-width: 600px) 100vw, 600px\" \/><figcaption class=\"blocks-gallery-item__caption\">Chambre 1<\/figcaption><\/figure><\/li><li class=\"blocks-gallery-item\"><figure><img loading=\"lazy\" decoding=\"async\" width=\"600\" height=\"338\" src=\"http:\/\/lagrandemoucherolle.com\/wp-content\/uploads\/2020\/06\/bedroom2-medium-1.jpg\" alt=\"\" data-id=\"241\" data-link=\"http:\/\/lagrandemoucherolle.com\/?attachment_id=241\" class=\"wp-image-241\" srcset=\"http:\/\/lagrandemoucherolle.com\/wp-content\/uploads\/2020\/06\/bedroom2-medium-1.jpg 600w, http:\/\/lagrandemoucherolle.com\/wp-content\/uploads\/2020\/06\/bedroom2-medium-1-300x169.jpg 300w\" sizes=\"auto, (max-width: 600px) 100vw, 600px\" \/><figcaption class=\"blocks-gallery-item__caption\">Chambre 2<\/figcaption><\/figure><\/li><\/ul><\/figure>\n\n\n\n<p>Lorsqu&#8217;elles sont lou\u00e9s entant que chambre d&#8217;h\u00f4tes, ces 2 chambres e sont disponibles en chambres doubles standard. Vous aurez un acc\u00e8s complet \u00e0 l&#8217;espace commun du salon et nous nous serons heureux de vous servir votre petit-d\u00e9jeuner dans la salle \u00e0 manger.<\/p>\n\n\n\n<hr class=\"wp-block-separator\"\/>\n\n\n\n<p class=\"has-medium-font-size\"><strong>Au Deuxi\u00e8me \u00e9tage<\/strong><\/p>\n\n\n\n<p>Une vaste mezzanine avec biblioth\u00e8que dessert deux chambres doubles avec une porte de communication et une salle de bain familiale. Les deux chambres peuvent \u00eatre am\u00e9nag\u00e9es avec de grands lits doubles king-size ou des lits jumeaux.<\/p>\n\n\n\n<figure class=\"wp-block-gallery columns-2 is-cropped wp-block-gallery-4 is-layout-flex wp-block-gallery-is-layout-flex\"><ul class=\"blocks-gallery-grid\"><li class=\"blocks-gallery-item\"><figure><img loading=\"lazy\" decoding=\"async\" width=\"600\" height=\"450\" src=\"http:\/\/lagrandemoucherolle.com\/wp-content\/uploads\/2020\/06\/bedroom-3-medium.jpg\" alt=\"\" data-id=\"239\" data-link=\"http:\/\/lagrandemoucherolle.com\/?attachment_id=239\" class=\"wp-image-239\" srcset=\"http:\/\/lagrandemoucherolle.com\/wp-content\/uploads\/2020\/06\/bedroom-3-medium.jpg 600w, http:\/\/lagrandemoucherolle.com\/wp-content\/uploads\/2020\/06\/bedroom-3-medium-300x225.jpg 300w\" sizes=\"auto, (max-width: 600px) 100vw, 600px\" \/><figcaption class=\"blocks-gallery-item__caption\">chambre 3<\/figcaption><\/figure><\/li><li class=\"blocks-gallery-item\"><figure><img loading=\"lazy\" decoding=\"async\" width=\"600\" height=\"450\" src=\"http:\/\/lagrandemoucherolle.com\/wp-content\/uploads\/2020\/06\/bathroom-3-medium.jpg\" alt=\"\" data-id=\"237\" data-link=\"http:\/\/lagrandemoucherolle.com\/?attachment_id=237\" class=\"wp-image-237\" srcset=\"http:\/\/lagrandemoucherolle.com\/wp-content\/uploads\/2020\/06\/bathroom-3-medium.jpg 600w, http:\/\/lagrandemoucherolle.com\/wp-content\/uploads\/2020\/06\/bathroom-3-medium-300x225.jpg 300w\" sizes=\"auto, (max-width: 600px) 100vw, 600px\" \/><figcaption class=\"blocks-gallery-item__caption\">sdb 3<\/figcaption><\/figure><\/li><\/ul><\/figure>\n\n\n\n<figure class=\"wp-block-gallery columns-2 is-cropped wp-block-gallery-5 is-layout-flex wp-block-gallery-is-layout-flex\"><ul class=\"blocks-gallery-grid\"><li class=\"blocks-gallery-item\"><figure><img loading=\"lazy\" decoding=\"async\" width=\"600\" height=\"338\" src=\"http:\/\/lagrandemoucherolle.com\/wp-content\/uploads\/2020\/06\/bedroom-4-medium.jpg\" alt=\"\" data-id=\"240\" data-link=\"http:\/\/lagrandemoucherolle.com\/?attachment_id=240\" class=\"wp-image-240\" srcset=\"http:\/\/lagrandemoucherolle.com\/wp-content\/uploads\/2020\/06\/bedroom-4-medium.jpg 600w, http:\/\/lagrandemoucherolle.com\/wp-content\/uploads\/2020\/06\/bedroom-4-medium-300x169.jpg 300w\" sizes=\"auto, (max-width: 600px) 100vw, 600px\" \/><figcaption class=\"blocks-gallery-item__caption\">chambre 4<\/figcaption><\/figure><\/li><li class=\"blocks-gallery-item\"><figure><img loading=\"lazy\" decoding=\"async\" width=\"600\" height=\"338\" src=\"http:\/\/lagrandemoucherolle.com\/wp-content\/uploads\/2020\/06\/mezzanine-medium.jpg\" alt=\"\" data-id=\"243\" data-link=\"http:\/\/lagrandemoucherolle.com\/?attachment_id=243\" class=\"wp-image-243\" srcset=\"http:\/\/lagrandemoucherolle.com\/wp-content\/uploads\/2020\/06\/mezzanine-medium.jpg 600w, http:\/\/lagrandemoucherolle.com\/wp-content\/uploads\/2020\/06\/mezzanine-medium-300x169.jpg 300w\" sizes=\"auto, (max-width: 600px) 100vw, 600px\" \/><figcaption class=\"blocks-gallery-item__caption\">mezzanine<\/figcaption><\/figure><\/li><\/ul><\/figure>\n\n\n\n<p>Lorsqu&#8217;elles sont lou\u00e9es en tant que chambre d&#8217;h\u00f4tes, les deux chambres  sont lou\u00e9es ensemble en une seule chambre familiale pouvant accueillir jusqu&#8217;\u00e0 4 personnes. Vous aurez un acc\u00e8s complet \u00e0 l&#8217;espace commun du salon et nous nous  serons heureux de vous servir votre petit-d\u00e9jeuner dans la salle \u00e0  manger. <\/p>\n\n\n\n<hr class=\"wp-block-separator\"\/>\n\n\n\n<p class=\"has-medium-font-size\"><strong>A l\u2019ext\u00e9rieur<\/strong><\/p>\n\n\n\n<p>Balcon avec acc\u00e8s depuis le salon par une double porte-fen\u00eatre. Vous b\u00e9n\u00e9ficiez \u00e9galement d&#8217;un terrain de jeu avec un petit ruisseau, d&#8217;un filet de volley-ball et d&#8217;une belle vue sur les montagnes environnantes. La Ferme de la Grande Moucherolle vous propose des places de parking priv\u00e9 pour 4 voitures, et un stockage s\u00e9curis\u00e9 pour vos v\u00e9los, motos etc.<\/p>\n\n\n\n<figure class=\"wp-block-image\"><img loading=\"lazy\" decoding=\"async\" width=\"1024\" height=\"576\" src=\"http:\/\/lagrandemoucherolle.com\/wp-content\/uploads\/2020\/06\/P1040572-1024x576.jpg\" alt=\"\" class=\"wp-image-136\" srcset=\"http:\/\/lagrandemoucherolle.com\/wp-content\/uploads\/2020\/06\/P1040572-1024x576.jpg 1024w, http:\/\/lagrandemoucherolle.com\/wp-content\/uploads\/2020\/06\/P1040572-300x169.jpg 300w, http:\/\/lagrandemoucherolle.com\/wp-content\/uploads\/2020\/06\/P1040572-768x432.jpg 768w\" sizes=\"auto, (max-width: 1024px) 100vw, 1024px\" \/><\/figure>\n\n\n\n<figure class=\"wp-block-image\"><img loading=\"lazy\" decoding=\"async\" width=\"1024\" height=\"396\" src=\"http:\/\/lagrandemoucherolle.com\/wp-content\/uploads\/2020\/06\/P1040574-1024x396.jpg\" alt=\"\" class=\"wp-image-137\" srcset=\"http:\/\/lagrandemoucherolle.com\/wp-content\/uploads\/2020\/06\/P1040574-1024x396.jpg 1024w, http:\/\/lagrandemoucherolle.com\/wp-content\/uploads\/2020\/06\/P1040574-300x116.jpg 300w, http:\/\/lagrandemoucherolle.com\/wp-content\/uploads\/2020\/06\/P1040574-768x297.jpg 768w\" sizes=\"auto, (max-width: 1024px) 100vw, 1024px\" \/><\/figure>\n\n\n\n<hr class=\"wp-block-separator\"\/>\n\n\n\n<p class=\"has-medium-font-size\"><strong>Equipement<\/strong><\/p>\n\n\n\n<p>La Ferme de la Grande Moucherolle est enti\u00e8rement \u00e9quip\u00e9e avec tout ce que vous attendez: wifi gratuit, TV dans le salon et les chambres,  machine \u00e0 laver\/ s\u00e8che-linge, lave-vaisselle, four, micro-ondes, grand r\u00e9frig\u00e9rateur \/ cong\u00e9lateur, etc. Lorsqu&#8217;elle est lou\u00e9e en B&amp;B, dans chaque chambre vous trouverez un plateau avec la possibilit\u00e9 de vous pr\u00e9parer des boissons.<\/p>\n\n\n\n<hr class=\"wp-block-separator\"\/>\n\n\n\n<hr class=\"wp-block-separator\"\/>\n\n\n\n<p class=\"has-medium-font-size\"><strong>Adresse et coordonn\u00e9es<\/strong><\/p>\n\n\n\n<div class=\"wp-block-image\"><figure class=\"aligncenter size-large is-resized\"><img loading=\"lazy\" decoding=\"async\" src=\"http:\/\/lagrandemoucherolle.com\/wp-content\/uploads\/2020\/08\/FGM2-01-1024x352.jpg\" alt=\"\" class=\"wp-image-732\" width=\"480\" height=\"164\" srcset=\"http:\/\/lagrandemoucherolle.com\/wp-content\/uploads\/2020\/08\/FGM2-01-1024x352.jpg 1024w, http:\/\/lagrandemoucherolle.com\/wp-content\/uploads\/2020\/08\/FGM2-01-300x103.jpg 300w, http:\/\/lagrandemoucherolle.com\/wp-content\/uploads\/2020\/08\/FGM2-01-768x264.jpg 768w, http:\/\/lagrandemoucherolle.com\/wp-content\/uploads\/2020\/08\/FGM2-01.jpg 1284w\" sizes=\"auto, (max-width: 480px) 100vw, 480px\" \/><\/figure><\/div>\n\n\n\n<p class=\"has-text-align-center has-medium-font-size\">95 Chemin de la Bourne, Les Geymonds<br>38250 Villard de Lans<br>France<br><br>Tel: 06 30952314 (francais)  +33 621110691 (English, Nederlands)<br>E-mail: andre@lagrandemoucherolle.com<\/p>\n\n\n<p><a class=\"evbookingbutton\" href=\"http:\/\/via.eviivo.com\/fr-FR\/\nmoucherolle38250\">RESERVER MAINTENANT<\/a><\/p>\n<style>\n.evbookingbutton {\ndisplay: block;\nmargin: 0 auto;\nwidth: 30%;\ntext-align: center;\nvertical-align: middle;\npadding: 15px 30px;\nborder: 1px solid #446e08;\nborder-radius: 8px;\nbackground: #6fb30d;\nbackground: -webkitgradient(linear, left top, left\nbottom, from(#6fb30d),\nto(#446e08));\nbackground: -moz-lineargradient(top, #6fb30d,\n#446e08);\nbackground: linear-gradient(to\nbottom, #6fb30d, #446e08);\nfont: normal normal bold 20px\narial;\ncolor: #ffffff;\ntext-decoration: none;\n}\n<\/style>\n","protected":false},"excerpt":{"rendered":"<p>Introduction La Ferme de la Grande Moucherolle est une restauration r\u00e9cente d&#8217;une ferme du Vercors vieille de 300 ans . Elle b\u00e9n\u00e9ficie d&#8217; une vue magnifique sur les montagnes environnantes. La ferme n&#8217;est plus une exploitation agricole, mais a une longue et riche histoire au service des gens du Vercors. La Ferme de la Grande Moucherolle est une b\u00e2tisse lumineuse et a\u00e9r\u00e9e avec les 140 [&hellip;]<\/p>\n","protected":false},"author":1,"featured_media":0,"parent":0,"menu_order":0,"comment_status":"closed","ping_status":"closed","template":"","meta":{"footnotes":""},"class_list":["post-39","page","type-page","status-publish","hentry"],"_links":{"self":[{"href":"http:\/\/lagrandemoucherolle.com\/index.php?rest_route=\/wp\/v2\/pages\/39","targetHints":{"allow":["GET"]}}],"collection":[{"href":"http:\/\/lagrandemoucherolle.com\/index.php?rest_route=\/wp\/v2\/pages"}],"about":[{"href":"http:\/\/lagrandemoucherolle.com\/index.php?rest_route=\/wp\/v2\/types\/page"}],"author":[{"embeddable":true,"href":"http:\/\/lagrandemoucherolle.com\/index.php?rest_route=\/wp\/v2\/users\/1"}],"replies":[{"embeddable":true,"href":"http:\/\/lagrandemoucherolle.com\/index.php?rest_route=%2Fwp%2Fv2%2Fcomments&post=39"}],"version-history":[{"count":21,"href":"http:\/\/lagrandemoucherolle.com\/index.php?rest_route=\/wp\/v2\/pages\/39\/revisions"}],"predecessor-version":[{"id":556,"href":"http:\/\/lagrandemoucherolle.com\/index.php?rest_route=\/wp\/v2\/pages\/39\/revisions\/556"}],"wp:attachment":[{"href":"http:\/\/lagrandemoucherolle.com\/index.php?rest_route=%2Fwp%2Fv2%2Fmedia&parent=39"}],"curies":[{"name":"wp","href":"https:\/\/api.w.org\/{rel}","templated":true}]}}